l - 12. Let p be -12*((-4)/(-8) - 0). Calculate the remainder when 35 is divided by j(p).
11
Suppose 0*q + 4*q - 160 = 0. Calculate the remainder when q is divided by 15.
10
Let a(x) = -x**2 + 5*x + 6. Let k be a(6). Suppose -m - 3*m + 68 = k. Let q = 94 + -44. What is the remainder when q is divided by m?
16
Suppose 6*r - 2*r = 32. Let a = 74 + -36. What is the remainder when a is divided by r?
6
Let n = 73 + -64. Calculate the remainder when n is divided by (0 - 5)*8/(-10).
1
Let s(w) = -w**3 + 4*w**2 - 3*w. Let l be s(2). Suppose 4*p = l*p + 116. Suppose 3*n - 2*n - 20 = 0. What is the remainder when p is divided by n?
18
Suppose -86 = 5*g - 3*g + 5*p, 5*p - 232 = 4*g. Let z = g + 96. Suppose 44 = -5*q + 9*q. Calculate the remainder when z is divided by q.
10
Suppose 68 = 6*t - 28. Calculate the remainder when t is divided by 10.
6
Suppose -51 + 18 = -z. What is the remainder when z is divided by 17?
16
Suppose 5*a = a - 16, -94 = -2*k + 2*a. What is the remainder when k is divided by 11?
10
Let j = 9 + -7. Let w = j - -10. Suppose a - w = 9. Calculate the remainder when a is divided by 8.
5
Let k(o) = -o**3 - o**2 + o + 25. Let v = 49 + -36. Calculate the remainder when k(0) is divided by v.
12
Let q(o) = -4*o**3 - o**2 - o. Let p(g) = g + 2. Let f be p(3). Suppose 2 = 3*y + f. Calculate the remainder when q(y) is divided by 3.
1
Suppose z = -2*z. Suppose z = -5*h + 4*o - 9*o + 110, 2*o - 27 = -h. Let u = 61 + -29. Calculate the remainder when u is divided by h.
15
Calculate the remainder when 68 is divided by (210/3)/((-2)/(-1)).
33
Suppose -m + 3*k - k + 40 = 0, 0 = -5*k + 15. Suppose 2*j + 104 = 3*i - 0*j, i + 5*j - m = 0. What is the remainder when i is divided by 19?
17
Let k(u) = u**3 - 2*u**2 - 3. Let w(g) = g**3 - 5*g**2 + 3*g + 1. Let h be w(4). What is the remainder when (-1 + -1)*24/h is divided by k(3)?
4
What is the remainder when 21 is divided by (-22)/(-5)*(-70)/(-28)?
10
Let w = 7 + -7. Calculate the remainder when 32 is divided by (w + 33/(-12))*-4.
10
Let k(h) = -h**2 + h + 13. What is the remainder when 44 - 0 - (18 + -12) is divided by k(0)?
12
Let v = -6 - -19. Let g(o) = 3*o + 2 + 0 - 1 - 2*o. Calculate the remainder when v is divided by g(4).
3
Suppose 172 = 3*s - 44. Suppose 2*p - 4*t - s = -p, -2*t + 90 = 3*p. What is the remainder when p is divided by (-214)/(-14) + 2/(-7)?
13
What is the remainder when 5/(-1*4/(-92)) is divided by 39?
37
Suppose -2*x + 3*s + 69 = 0, -3*x + 97 = 3*s - s. Let i = -6 - -8. Suppose -i*c = -4*c + 34. What is the remainder when x is divided by c?
16
Let t(x) = -3*x**3 - 2*x**2 + 4*x + 2. Let a be t(-4). Suppose 3*y - 53 = -a. Let v = -14 - y. What is the remainder when v is divided by 6?
5
Let r = 81 - 72. Calculate the remainder when 14 is divided by r.
5
Let p = -6 - -7. Suppose -43 = -2*b - p. Let v(r) = 12*r**3 - 2*r**2 + 2*r - 1. What is the remainder when b is divided by v(1)?
10
Let f(n) = -n**3 - 5*n**2 + 3*n - 6. Let c be (-4)/2 - (21 - -4). Let g = c + 74. What is the remainder when g is divided by f(-6)?
11
Let t(i) = 2*i**2 + 14*i + 11. Calculate the remainder when t(-9) is divided by 12.
11
Suppose 3 = d - w + 2, -d = -4*w + 8. Let p be d/(-22) + 6/33. Suppose 3*f + 2*m - 40 = p, -5*m - 5 = -30. What is the remainder when 19 is divided by f?
9
Let g(w) = 3*w + 15. What is the remainder when g(15) is divided by 21?
18
Suppose 3*x - 7*x = -8. Suppose x*a - 2 - 2 = 0. Suppose 4*t + h + 0 = 14, -5*t = -2*h - 11. Calculate the remainder when t is divided by a.
1
Suppose 3*c - 2*c + 7 = 0. Let m(h) = h**3 - 6*h**2 + 16*h - 2. Let u be m(8). What is the remainder when (-12)/42 - u/c is divided by 19?
17
Suppose -5*a + 28 = 8. Suppose -2*k + 0*k = 2*p - 48, -58 = -3*p + a*k. Calculate the remainder when p is divided by -1 + 0 + 12 - -1.
10
Let p(c) = c**2 - 6*c - 1. Let q(m) = m**3 - 10*m**2 + 2*m - 13. Let d be q(10). What is the remainder when 9 is divided by p(d)?
3
Let y(i) = 13*i**2 - 2*i + 2. What is the remainder when 49 is divided by y(1)?
10
Let n = 1 - 0. Calculate the remainder when 1/2*n*6 is divided by 3.
0
Suppose -35 = -3*v - 2*n, 5*v - 3*n + 6*n - 57 = 0. Let m(f) be the first derivative of 3*f**2/2 - f + 2. Calculate the remainder when m(6) is divided by v.
8
Suppose -u = -3*u + 2. Let g(r) = 3*r**2 - 1. Calculate the remainder when ((-84)/35)/(2/(-5)) is divided by g(u).
0
Let h = -8 + 8. Suppose q - 3*q + 50 = h. What is the remainder when q is divided by 7?
4
Suppose 3*p - 7*p - 3*f = -602, 5*p + 2*f = 756. What is the remainder when p is divided by 52?
48
Let w(k) = -12*k + 88. What is the remainder when 75 is divided by w(6)?
11
Let g = 2 + 0. Suppose g*x - 53 = -3*j, -4*x - 41 = -j - 0*x. Calculate the remainder when j is divided by 8.
5
Suppose 134 = i + 41. Calculate the remainder when i is divided by 32.
29
Suppose -3*o + 5*h + 73 = 0, 94 = 4*o - 0*o - 5*h. Let n = -12 + o. Let l(u) = -u**3 - 2*u**2 - 3*u - 1. Calculate the remainder when l(-3) is divided by n.
8
Let d = 2 - -21. Calculate the remainder when ((-18)/(-10))/((-13)/(-325)) is divided by d.
22
Suppose 3*x - 3*l - 28 = -4*l, 2*x = -3*l + 7. What is the remainder when (38/6)/(2/6) is divided by x?
8
Let j(a) = -a + 9. Let n(z) = -z**2 - 4*z + 2. Let l be n(-4). Let p be 7 + (-2 - l/(-1)). Calculate the remainder when 5 is divided by j(p).
1
Let u(p) = 8*p - 7. What is the remainder when 67 is divided by u(3)?
16
Suppose l = 2*l - 3, -2*o = -4*l - 88. Suppose g - 41 = y - 4*y, -3*y + 119 = 4*g. What is the remainder when o is divided by g?
24
Let a(x) = -x**3 + 26*x**2 + x - 22. Let c(i) = -i**3 - 7*i**2 - 9*i - 4. Calculate the remainder when c(-6) is divided by a(26).
2
Calculate the remainder when (55/20)/((-1)/(-20)) is divided by 14.
13
Suppose 5*m - 30 = -0*m. Suppose 303 = m*c - 3*c. Calculate the remainder when c is divided by 34.
33
Suppose 2*r = -v + 9, 2*r + 2 = 3*v - 33. Let x = -77 - -109. What is the remainder when x is divided by v?
10
Suppose 6*q - 124 = 2*q. What is the remainder when q is divided by 11?
9
Let m = 17 + -5. Let b(q) = -2*q + 4. Let r(n) = 1. Let t(i) = -2*b(i) + 10*r(i). Calculate the remainder when t(5) is divided by m.
10
Suppose g - l = -g - 3, 2*g + 13 = -l. Calculate the remainder when g/(-18) - 302/(-18) is divided by 9.
8
Let z(o) = -3*o + 3. Let a be z(2). Let q be 3 + (a + 6 - 8). Calculate the remainder when -1 + 20 + (0 - q) is divided by 11.
10
Suppose -5*u - 4*b - 2 = 24, 4*u + 5*b = -28. Let f = u - -13. Calculate the remainder when 43 is divided by f.
10
Let s(k) = 2*k**2 - 3*k**2 + 40 - 2*k**3 + 3*k**3. Calculate the remainder when s(0) is divided by (-1 - -2)*(-1 - -15).
12
Let t = -24 + 81. Calculate the remainder when t is divided by 20.
17
Let d(b) = b**3 - 4*b**2 + 3. Let m be d(4). Suppose -38 = -5*f + m*f. What is the remainder when 55 is divided by f?
17
Let z(c) = 18*c**3 - 2*c**2 - c. Let w be z(-1). Let i(o) = 3*o**2 + 7*o + 2. What is the remainder when i(-3) is divided by w/(-7) + (-2)/(-7)?
2
Suppose 47 = 3*m - 19. Calculate the remainder when 85 is divided by m.
19
Suppose 0 = 4*t - 4*x - 12, 0 = -3*t + t - 5*x + 13. What is the remainder when 7 is divided by t?
3
Suppose -3*g - 2*g = 5. Let f = 14 + g. What is the remainder when 3/9*342/(6 + -3) is divided by f?
12
Let o be (-193)/(-4) + (-4)/16. Suppose 4*a = -0*a + o. Calculate the remainder when 58 is divided by a.
10
Suppose 0 - 4 = -t. Suppose 2 = 2*x + t*y, 5*x = -0*x + 4*y + 19. Let c = x - -14. Calculate the remainder when 32 is divided by c.
15
Suppose 0 = 2*z - 16 - 0. Suppose 6*n - z = 4*n. Suppose g = -n*m, -m = 5*g - 12 - 7. What is the remainder when g is divided by 2?
0
Let h(y) = -y**3 - y + 3. Calculate the remainder when h(-3) is divided by 12.
9
Let c = 1 + 0. Suppose -3 = -0*f - 3*f. Suppose 2*w - 5 + f = 0. What is the remainder when w is divided by c?
0
Suppose 4*j - 80 = 2*f, 4*j - 94 + 18 = 4*f. What is the remainder when 38 is divided by j?
17
Let z(h) = -h. Let s(n) = 2*n - 5. Let f = 0 + 4. What is the remainder when z(-5) is divided by s(f)?
2
Let d(f) = -f**3 - 6*f**2 - 3*f - 6. Let u be d(-8). Let n = u + -96. What is the remainder when n is divided by 13?
11
Suppose -18 - 26 = -4*w. What is the remainder when 43 is divided by w?
10
Let i = -46 + 